{"id":996,"date":"2022-11-02T10:10:25","date_gmt":"2022-11-02T08:10:25","guid":{"rendered":"https:\/\/www.marko-helmets.com\/blog\/?page_id=996"},"modified":"2022-11-02T15:32:09","modified_gmt":"2022-11-02T13:32:09","slug":"les-casques-moto","status":"publish","type":"page","link":"https:\/\/www.marko-helmets.com\/blog\/accueil\/les-casques-moto\/","title":{"rendered":"Les casques Moto"},"content":{"rendered":"\n<div class=\"wp-block-media-text alignfull\" style=\"grid-template-columns:45% auto\"><figure class=\"wp-block-media-text__media\"><img loading=\"lazy\" decoding=\"async\" width=\"1024\" height=\"804\" src=\"https:\/\/www.marko-helmets.com\/blog\/wp-content\/uploads\/2022\/11\/2021-03-31-V-Street-Marko-33-1-1024x804.jpg\" alt=\"\" class=\"wp-image-1050\" srcset=\"https:\/\/www.marko-helmets.com\/blog\/wp-content\/uploads\/2022\/11\/2021-03-31-V-Street-Marko-33-1-1024x804.jpg 1024w, https:\/\/www.marko-helmets.com\/blog\/wp-content\/uploads\/2022\/11\/2021-03-31-V-Street-Marko-33-1-300x236.jpg 300w, https:\/\/www.marko-helmets.com\/blog\/wp-content\/uploads\/2022\/11\/2021-03-31-V-Street-Marko-33-1-768x603.jpg 768w, https:\/\/www.marko-helmets.com\/blog\/wp-content\/uploads\/2022\/11\/2021-03-31-V-Street-Marko-33-1-1536x1207.jpg 1536w, https:\/\/www.marko-helmets.com\/blog\/wp-content\/uploads\/2022\/11\/2021-03-31-V-Street-Marko-33-1-1080x848.jpg 1080w, https:\/\/www.marko-helmets.com\/blog\/wp-content\/uploads\/2022\/11\/2021-03-31-V-Street-Marko-33-1.jpg 2000w\" sizes=\"auto, (max-width: 1024px) 100vw, 1024px\" \/><\/figure><div class=\"wp-block-media-text__content\">\n<h2 class=\"wp-block-heading\"><a href=\"https:\/\/www.marko-helmets.com\/blog\/accueil\/les-casques-moto\/gamme-classique\/\">Classique<\/a><\/h2>\n\n\n\n<p> Les premiers vrais casques de motos sont apparus apr\u00e8s la guerre, en adoptant un look vintage et aujourd\u2019hui M\u00e2rk\u00f6 s\u2019est inspir\u00e9 des casques d\u2019\u00e9poque pour d\u00e9velopper sa gamme de casques classique. Cette gamme est compos\u00e9e de 5 mod\u00e8les tous diff\u00e9rents les uns des autres mais qui restent dans un look n\u00e9o-r\u00e9tro. <\/p>\n<\/div><\/div>\n\n\n\n<hr class=\"wp-block-separator is-style-wide\"\/>\n\n\n\n<div class=\"wp-block-media-text alignfull is-image-fill\" style=\"grid-template-columns:45% auto\"><figure class=\"wp-block-media-text__media\" style=\"background-image:url(https:\/\/www.marko-helmets.com\/blog\/wp-content\/uploads\/2022\/11\/electron-markohelmets-casque-jet-zeromotorcycles-SR-S-rawcollectif00002-1024x908.jpg);background-position:50% 50%\"><img loading=\"lazy\" decoding=\"async\" width=\"1024\" height=\"908\" src=\"https:\/\/www.marko-helmets.com\/blog\/wp-content\/uploads\/2022\/11\/electron-markohelmets-casque-jet-zeromotorcycles-SR-S-rawcollectif00002-1024x908.jpg\" alt=\"\" class=\"wp-image-1051\" srcset=\"https:\/\/www.marko-helmets.com\/blog\/wp-content\/uploads\/2022\/11\/electron-markohelmets-casque-jet-zeromotorcycles-SR-S-rawcollectif00002-1024x908.jpg 1024w, https:\/\/www.marko-helmets.com\/blog\/wp-content\/uploads\/2022\/11\/electron-markohelmets-casque-jet-zeromotorcycles-SR-S-rawcollectif00002-300x266.jpg 300w, https:\/\/www.marko-helmets.com\/blog\/wp-content\/uploads\/2022\/11\/electron-markohelmets-casque-jet-zeromotorcycles-SR-S-rawcollectif00002-768x681.jpg 768w, https:\/\/www.marko-helmets.com\/blog\/wp-content\/uploads\/2022\/11\/electron-markohelmets-casque-jet-zeromotorcycles-SR-S-rawcollectif00002-1080x957.jpg 1080w, https:\/\/www.marko-helmets.com\/blog\/wp-content\/uploads\/2022\/11\/electron-markohelmets-casque-jet-zeromotorcycles-SR-S-rawcollectif00002.jpg 1416w\" sizes=\"auto, (max-width: 1024px) 100vw, 1024px\" \/><\/figure><div class=\"wp-block-media-text__content\">\n<h2 class=\"wp-block-heading\"><a href=\"https:\/\/www.marko-helmets.com\/blog\/accueil\/les-casques-moto\/gamme-urbaine\/\">Urbaine<\/a><\/h2>\n\n\n\n<p>Marko a d\u00e9velopp\u00e9 des casques adapt\u00e9s \u00e0 la vie urbaine, le casque jet ou demi-jet \u00e0 donc fait son apparition avec une conception adapt\u00e9 au centre ville, un poids l\u00e9ger, un casque a\u00e9rodynamique, un champ de vision large pour rep\u00e9rer plus facilement les dangers et une ventilation importante pour \u00e9viter la transpiration sur votre trajet. <\/p>\n<\/div><\/div>\n\n\n\n<hr class=\"wp-block-separator is-style-wide\"\/>\n\n\n\n<div class=\"wp-block-media-text alignfull\" style=\"grid-template-columns:45% auto\"><figure class=\"wp-block-media-text__media\"><img loading=\"lazy\" decoding=\"async\" width=\"1024\" height=\"785\" src=\"https:\/\/www.marko-helmets.com\/blog\/wp-content\/uploads\/2022\/11\/MarkoHelmet-8-1-1024x785.jpg\" alt=\"\" class=\"wp-image-1053\" srcset=\"https:\/\/www.marko-helmets.com\/blog\/wp-content\/uploads\/2022\/11\/MarkoHelmet-8-1-1024x785.jpg 1024w, https:\/\/www.marko-helmets.com\/blog\/wp-content\/uploads\/2022\/11\/MarkoHelmet-8-1-300x230.jpg 300w, https:\/\/www.marko-helmets.com\/blog\/wp-content\/uploads\/2022\/11\/MarkoHelmet-8-1-768x589.jpg 768w, https:\/\/www.marko-helmets.com\/blog\/wp-content\/uploads\/2022\/11\/MarkoHelmet-8-1-1080x828.jpg 1080w, https:\/\/www.marko-helmets.com\/blog\/wp-content\/uploads\/2022\/11\/MarkoHelmet-8-1-520x400.jpg 520w, https:\/\/www.marko-helmets.com\/blog\/wp-content\/uploads\/2022\/11\/MarkoHelmet-8-1.jpg 1503w\" sizes=\"auto, (max-width: 1024px) 100vw, 1024px\" \/><\/figure><div class=\"wp-block-media-text__content\">\n<h2 class=\"wp-block-heading\"><a href=\"https:\/\/www.marko-helmets.com\/blog\/accueil\/les-casques-moto\/gamme-grand-tourisme\/\">Grand Tourisme<\/a><\/h2>\n\n\n\n<p>Les casques se veulent a\u00e9rodynamiques, confortables et pratiques pour les longs trajets avec un poids r\u00e9duit et une insonorisation optimale. <\/p>\n<\/div><\/div>\n","protected":false},"excerpt":{"rendered":"<p>Classique Les premiers vrais casques de motos sont apparus apr\u00e8s la guerre, en adoptant un look vintage et aujourd\u2019hui M\u00e2rk\u00f6 s\u2019est inspir\u00e9 des casques d\u2019\u00e9poque pour d\u00e9velopper sa gamme de casques classique. Cette gamme est compos\u00e9e de 5 mod\u00e8les tous diff\u00e9rents les uns des autres mais qui restent dans un look n\u00e9o-r\u00e9tro. Urbaine Marko a d\u00e9velopp\u00e9 des casques adapt\u00e9s \u00e0 la vie urbaine, le casque jet ou demi-jet \u00e0 donc fait son apparition avec une conception adapt\u00e9 au centre ville, un poids l\u00e9ger, un casque a\u00e9rodynamique, un champ de vision large pour rep\u00e9rer plus facilement les dangers et une ventilation importante pour \u00e9viter la transpiration sur votre trajet. Grand Tourisme Les casques se veulent a\u00e9rodynamiques, confortables et pratiques pour les longs trajets avec un poids r\u00e9duit et une insonorisation optimale.<\/p>\n","protected":false},"author":1,"featured_media":0,"parent":373,"menu_order":0,"comment_status":"closed","ping_status":"closed","template":"","meta":{"footnotes":""},"class_list":["post-996","page","type-page","status-publish","hentry"],"_links":{"self":[{"href":"https:\/\/www.marko-helmets.com\/blog\/wp-json\/wp\/v2\/pages\/996","targetHints":{"allow":["GET"]}}],"collection":[{"href":"https:\/\/www.marko-helmets.com\/blog\/wp-json\/wp\/v2\/pages"}],"about":[{"href":"https:\/\/www.marko-helmets.com\/blog\/wp-json\/wp\/v2\/types\/page"}],"author":[{"embeddable":true,"href":"https:\/\/www.marko-helmets.com\/blog\/wp-json\/wp\/v2\/users\/1"}],"replies":[{"embeddable":true,"href":"https:\/\/www.marko-helmets.com\/blog\/wp-json\/wp\/v2\/comments?post=996"}],"version-history":[{"count":4,"href":"https:\/\/www.marko-helmets.com\/blog\/wp-json\/wp\/v2\/pages\/996\/revisions"}],"predecessor-version":[{"id":1065,"href":"https:\/\/www.marko-helmets.com\/blog\/wp-json\/wp\/v2\/pages\/996\/revisions\/1065"}],"up":[{"embeddable":true,"href":"https:\/\/www.marko-helmets.com\/blog\/wp-json\/wp\/v2\/pages\/373"}],"wp:attachment":[{"href":"https:\/\/www.marko-helmets.com\/blog\/wp-json\/wp\/v2\/media?parent=996"}],"curies":[{"name":"wp","href":"https:\/\/api.w.org\/{rel}","templated":true}]}}