{"id":179,"date":"2017-04-27T07:59:20","date_gmt":"2017-04-27T06:59:20","guid":{"rendered":"http:\/\/www.marko-helmets.com\/?page_id=179"},"modified":"2025-01-22T16:14:53","modified_gmt":"2025-01-22T14:14:53","slug":"masque-marko-b8-goggle-replica","status":"publish","type":"page","link":"https:\/\/www.marko-helmets.com\/blog\/accueil\/les-accessoires\/masque-marko-b8-goggle-replica\/","title":{"rendered":"MASQUE M\u00c2RK\u00d6 \u2013 B8 GOGGLE"},"content":{"rendered":"\n<p>Pour affronter les al\u00e9as de la route, <a rel=\"noreferrer noopener\" aria-label=\"M\u00c2RK\u00d6 (s\u2019ouvre dans un nouvel onglet)\" href=\"https:\/\/marko-helmets.com\/\" target=\"_blank\">M\u00c2RK\u00d6<\/a> s\u2019inspire des codes de l\u2019aviation en proposant un masque moto au d\u00e9tenteur de casque jet ou casque int\u00e9gral sans \u00e9cran. <\/p>\n\n\n\n<p>Avec le <a href=\"https:\/\/marko-helmets.com\/content\/21-masques-de-casque-de-marko-helmets\" target=\"_blank\" rel=\"noreferrer noopener\" aria-label=\"B8 Goggle Replica (s\u2019ouvre dans un nouvel onglet)\">B8 Goggle Replica<\/a>, M\u00c2RK\u00d6 s\u2019attaque aux d\u00e9sagr\u00e9ments que repr\u00e9sentent poussi\u00e8res, insectes et vent lors de la pratique r\u00e9guli\u00e8re du 2 roues. Le B8 Goggle Replica emprunte les lignes sobres de son illustre a\u00efeul d\u00e9velopp\u00e9 durant la seconde guerre mondiale pour les Bombardiers de la Royal Air Force pilotant de nuit. M\u00c2RK\u00d6 modernise ses traits et lui offre un v\u00e9ritable lifting, le rendant ainsi plus l\u00e9ger et compact. De quoi armer le voyageur moderne face au p\u00e9ril routier.<\/p>\n\n\n\n<figure class=\"wp-block-image size-large\"><img loading=\"lazy\" decoding=\"async\" width=\"1024\" height=\"644\" src=\"https:\/\/www.marko-helmets.com\/blog\/wp-content\/uploads\/2022\/10\/masqueB8-markohelmets-rawcollectif-agence-publicite-1024x644.jpg\" alt=\"\" class=\"wp-image-931\" srcset=\"https:\/\/www.marko-helmets.com\/blog\/wp-content\/uploads\/2022\/10\/masqueB8-markohelmets-rawcollectif-agence-publicite-1024x644.jpg 1024w, https:\/\/www.marko-helmets.com\/blog\/wp-content\/uploads\/2022\/10\/masqueB8-markohelmets-rawcollectif-agence-publicite-300x189.jpg 300w, https:\/\/www.marko-helmets.com\/blog\/wp-content\/uploads\/2022\/10\/masqueB8-markohelmets-rawcollectif-agence-publicite-768x483.jpg 768w, https:\/\/www.marko-helmets.com\/blog\/wp-content\/uploads\/2022\/10\/masqueB8-markohelmets-rawcollectif-agence-publicite-1536x966.jpg 1536w, https:\/\/www.marko-helmets.com\/blog\/wp-content\/uploads\/2022\/10\/masqueB8-markohelmets-rawcollectif-agence-publicite-1080x679.jpg 1080w, https:\/\/www.marko-helmets.com\/blog\/wp-content\/uploads\/2022\/10\/masqueB8-markohelmets-rawcollectif-agence-publicite.jpg 2000w\" sizes=\"auto, (max-width: 1024px) 100vw, 1024px\" \/><\/figure>\n\n\n\n<p>Le&nbsp;B8 Goggle Replica offre une grande polyvalence gr\u00e2ce \u00e0&nbsp;sa gamme d\u2019accessoires&nbsp;taill\u00e9s pour l\u2019aventure. L\u2019\u00e9lastique, large et r\u00e9glable, est muni d\u2019une triple bande de silicone, apportant ainsi un maintient parfait contre le casque. Il est agr\u00e9ment\u00e9 du logo M\u00c2RK\u00d6 sur un empi\u00e8cement en \u00e9co-cuir pour parfaire sa finition.<\/p>\n\n\n\n<p>Fourni avec <strong>2 lentilles interchangeables<\/strong>, le B8 Goggle Replica permet de rouler par temps clair&nbsp;comme de lutter contre les \u00e9blouissements du soleil ou des phares des voitures gr\u00e2ce \u00e0 sa lentille marron d\u00e9velopp\u00e9e pour augmenter les contrastes lors de la conduite de nuit.<\/p>\n\n\n\n<p>Ne laissant aucun d\u00e9tail au hasard, M\u00c2RK\u00d6 int\u00e8gre \u00e0 son masque un large<strong> passage de lunettes<\/strong> ainsi qu\u2019une triple \u00e9paisseur de mousse afin d\u2019augmenter son confort. Dans le but d\u2019\u00e9viter toute pr\u00e9sence de bu\u00e9e, m\u00eame lors d\u2019une pratique extr\u00eame, le B8 Gogle Replica int\u00e8gre des <strong>ventilations optimis\u00e9es<\/strong> ainsi que des <strong>lentilles trait\u00e9es<\/strong>.<\/p>\n\n\n\n<figure class=\"wp-block-image size-large\"><img loading=\"lazy\" decoding=\"async\" width=\"1024\" height=\"658\" src=\"https:\/\/www.marko-helmets.com\/blog\/wp-content\/uploads\/2022\/10\/B8-Marko-Helmets-1024x658.png\" alt=\"\" class=\"wp-image-932\" srcset=\"https:\/\/www.marko-helmets.com\/blog\/wp-content\/uploads\/2022\/10\/B8-Marko-Helmets-1024x658.png 1024w, https:\/\/www.marko-helmets.com\/blog\/wp-content\/uploads\/2022\/10\/B8-Marko-Helmets-300x193.png 300w, https:\/\/www.marko-helmets.com\/blog\/wp-content\/uploads\/2022\/10\/B8-Marko-Helmets-768x494.png 768w, https:\/\/www.marko-helmets.com\/blog\/wp-content\/uploads\/2022\/10\/B8-Marko-Helmets-1536x988.png 1536w, https:\/\/www.marko-helmets.com\/blog\/wp-content\/uploads\/2022\/10\/B8-Marko-Helmets-1080x694.png 1080w, https:\/\/www.marko-helmets.com\/blog\/wp-content\/uploads\/2022\/10\/B8-Marko-Helmets.png 2000w\" sizes=\"auto, (max-width: 1024px) 100vw, 1024px\" \/><\/figure>\n\n\n\n<p>Le masque B8 convient \u00e0 tous les mod\u00e8les de casque que ce soit de chez Marko Helmets o\u00f9 tout autres marque. Il est disponible en 5 coloris.<\/p>\n\n\n\n<h2 class=\"wp-block-heading\">Le masque B8 &#8211; Coloris<\/h2>\n\n\n\n<p>Masque B8 Marko &#8211; Black<\/p>\n\n\n\n<figure class=\"wp-block-image size-large\"><a href=\"https:\/\/marko-helmets.com\/masque-b8-goggle-replica-marko-helmets-p-295-5664.html#\/108-couleur-noir\" target=\"_blank\" rel=\"noreferrer noopener\"><img loading=\"lazy\" decoding=\"async\" width=\"1024\" height=\"128\" src=\"https:\/\/www.marko-helmets.com\/blog\/wp-content\/uploads\/2022\/10\/Masque-B8-Black-Marko-Helmets-1024x128.png\" alt=\"\" class=\"wp-image-933\" srcset=\"https:\/\/www.marko-helmets.com\/blog\/wp-content\/uploads\/2022\/10\/Masque-B8-Black-Marko-Helmets-1024x128.png 1024w, https:\/\/www.marko-helmets.com\/blog\/wp-content\/uploads\/2022\/10\/Masque-B8-Black-Marko-Helmets-300x38.png 300w, https:\/\/www.marko-helmets.com\/blog\/wp-content\/uploads\/2022\/10\/Masque-B8-Black-Marko-Helmets-768x96.png 768w, https:\/\/www.marko-helmets.com\/blog\/wp-content\/uploads\/2022\/10\/Masque-B8-Black-Marko-Helmets-1536x192.png 1536w, https:\/\/www.marko-helmets.com\/blog\/wp-content\/uploads\/2022\/10\/Masque-B8-Black-Marko-Helmets-2048x256.png 2048w, https:\/\/www.marko-helmets.com\/blog\/wp-content\/uploads\/2022\/10\/Masque-B8-Black-Marko-Helmets-1080x135.png 1080w\" sizes=\"auto, (max-width: 1024px) 100vw, 1024px\" \/><\/a><\/figure>\n\n\n\n<p>Masque B8 Marko &#8211; Sand<\/p>\n\n\n\n<figure class=\"wp-block-image size-large\"><a href=\"https:\/\/marko-helmets.com\/masque-b8-goggle-replica-marko-helmets-p-295-6844.html#\/157-couleur-sable\" target=\"_blank\" rel=\"noreferrer noopener\"><img loading=\"lazy\" decoding=\"async\" width=\"1024\" height=\"129\" src=\"https:\/\/www.marko-helmets.com\/blog\/wp-content\/uploads\/2022\/10\/Masque-B8-Sand-Marko-Helmets-1024x129.png\" alt=\"\" class=\"wp-image-934\" srcset=\"https:\/\/www.marko-helmets.com\/blog\/wp-content\/uploads\/2022\/10\/Masque-B8-Sand-Marko-Helmets-1024x129.png 1024w, https:\/\/www.marko-helmets.com\/blog\/wp-content\/uploads\/2022\/10\/Masque-B8-Sand-Marko-Helmets-300x38.png 300w, https:\/\/www.marko-helmets.com\/blog\/wp-content\/uploads\/2022\/10\/Masque-B8-Sand-Marko-Helmets-768x97.png 768w, https:\/\/www.marko-helmets.com\/blog\/wp-content\/uploads\/2022\/10\/Masque-B8-Sand-Marko-Helmets-1536x194.png 1536w, https:\/\/www.marko-helmets.com\/blog\/wp-content\/uploads\/2022\/10\/Masque-B8-Sand-Marko-Helmets-2048x259.png 2048w, https:\/\/www.marko-helmets.com\/blog\/wp-content\/uploads\/2022\/10\/Masque-B8-Sand-Marko-Helmets-1080x137.png 1080w\" sizes=\"auto, (max-width: 1024px) 100vw, 1024px\" \/><\/a><\/figure>\n\n\n\n<p>Masque B8 Marko &#8211; Green<\/p>\n\n\n\n<figure class=\"wp-block-image size-large\"><a href=\"https:\/\/marko-helmets.com\/masque-b8-goggle-replica-marko-helmets-p-295-6845.html#\/158-couleur-kaki\" target=\"_blank\" rel=\"noreferrer noopener\"><img loading=\"lazy\" decoding=\"async\" width=\"1024\" height=\"128\" src=\"https:\/\/www.marko-helmets.com\/blog\/wp-content\/uploads\/2022\/10\/Masque-B8-Green-Marko-Helmets-1024x128.png\" alt=\"\" class=\"wp-image-935\" srcset=\"https:\/\/www.marko-helmets.com\/blog\/wp-content\/uploads\/2022\/10\/Masque-B8-Green-Marko-Helmets-1024x128.png 1024w, https:\/\/www.marko-helmets.com\/blog\/wp-content\/uploads\/2022\/10\/Masque-B8-Green-Marko-Helmets-300x38.png 300w, https:\/\/www.marko-helmets.com\/blog\/wp-content\/uploads\/2022\/10\/Masque-B8-Green-Marko-Helmets-768x96.png 768w, https:\/\/www.marko-helmets.com\/blog\/wp-content\/uploads\/2022\/10\/Masque-B8-Green-Marko-Helmets-1536x193.png 1536w, https:\/\/www.marko-helmets.com\/blog\/wp-content\/uploads\/2022\/10\/Masque-B8-Green-Marko-Helmets-2048x257.png 2048w, https:\/\/www.marko-helmets.com\/blog\/wp-content\/uploads\/2022\/10\/Masque-B8-Green-Marko-Helmets-1080x135.png 1080w\" sizes=\"auto, (max-width: 1024px) 100vw, 1024px\" \/><\/a><\/figure>\n\n\n\n<p>Masque B8 Marko &#8211; Red<\/p>\n\n\n\n<figure class=\"wp-block-image size-large\"><a href=\"https:\/\/marko-helmets.com\/masque-b8-goggle-replica-marko-helmets-p-295-6846.html#\/156-couleur-burgundy\" target=\"_blank\" rel=\"noreferrer noopener\"><img loading=\"lazy\" decoding=\"async\" width=\"1024\" height=\"128\" src=\"https:\/\/www.marko-helmets.com\/blog\/wp-content\/uploads\/2022\/10\/Masque-B8-Red-Marko-Helmets-1024x128.png\" alt=\"\" class=\"wp-image-936\" srcset=\"https:\/\/www.marko-helmets.com\/blog\/wp-content\/uploads\/2022\/10\/Masque-B8-Red-Marko-Helmets-1024x128.png 1024w, https:\/\/www.marko-helmets.com\/blog\/wp-content\/uploads\/2022\/10\/Masque-B8-Red-Marko-Helmets-300x38.png 300w, https:\/\/www.marko-helmets.com\/blog\/wp-content\/uploads\/2022\/10\/Masque-B8-Red-Marko-Helmets-768x96.png 768w, https:\/\/www.marko-helmets.com\/blog\/wp-content\/uploads\/2022\/10\/Masque-B8-Red-Marko-Helmets-1536x192.png 1536w, https:\/\/www.marko-helmets.com\/blog\/wp-content\/uploads\/2022\/10\/Masque-B8-Red-Marko-Helmets-2048x256.png 2048w, https:\/\/www.marko-helmets.com\/blog\/wp-content\/uploads\/2022\/10\/Masque-B8-Red-Marko-Helmets-1080x135.png 1080w\" sizes=\"auto, (max-width: 1024px) 100vw, 1024px\" \/><\/a><\/figure>\n\n\n\n<p>Masque B8 Marko &#8211; Nation<\/p>\n\n\n\n<figure class=\"wp-block-image size-large\"><a href=\"https:\/\/marko-helmets.com\/masque-b8-goggle-replica-marko-helmets-p-295-6847.html#\/169-couleur-bleu_blanc_rouge\" target=\"_blank\" rel=\"noreferrer noopener\"><img loading=\"lazy\" decoding=\"async\" width=\"1024\" height=\"140\" src=\"https:\/\/www.marko-helmets.com\/blog\/wp-content\/uploads\/2022\/10\/Masque-B8-Nation-Marko-Helmets-1024x140.png\" alt=\"\" class=\"wp-image-937\" srcset=\"https:\/\/www.marko-helmets.com\/blog\/wp-content\/uploads\/2022\/10\/Masque-B8-Nation-Marko-Helmets-1024x140.png 1024w, https:\/\/www.marko-helmets.com\/blog\/wp-content\/uploads\/2022\/10\/Masque-B8-Nation-Marko-Helmets-300x41.png 300w, https:\/\/www.marko-helmets.com\/blog\/wp-content\/uploads\/2022\/10\/Masque-B8-Nation-Marko-Helmets-768x105.png 768w, https:\/\/www.marko-helmets.com\/blog\/wp-content\/uploads\/2022\/10\/Masque-B8-Nation-Marko-Helmets-1536x211.png 1536w, https:\/\/www.marko-helmets.com\/blog\/wp-content\/uploads\/2022\/10\/Masque-B8-Nation-Marko-Helmets-2048x281.png 2048w, https:\/\/www.marko-helmets.com\/blog\/wp-content\/uploads\/2022\/10\/Masque-B8-Nation-Marko-Helmets-1080x148.png 1080w\" sizes=\"auto, (max-width: 1024px) 100vw, 1024px\" \/><\/a><\/figure>\n\n\n\n<p>Masque B8 Marko &#8211; Checker<\/p>\n\n\n\n<figure class=\"wp-block-image size-large\"><a href=\"https:\/\/www.marko-helmets.com\/blog\/wp-content\/uploads\/2025\/01\/Masque-B8-checker-de-Marko-Helmets.png\"><img loading=\"lazy\" decoding=\"async\" width=\"1024\" height=\"104\" src=\"https:\/\/www.marko-helmets.com\/blog\/wp-content\/uploads\/2025\/01\/Masque-B8-checker-de-Marko-Helmets-1024x104.png\" alt=\"\" class=\"wp-image-1596\" srcset=\"https:\/\/www.marko-helmets.com\/blog\/wp-content\/uploads\/2025\/01\/Masque-B8-checker-de-Marko-Helmets-1024x104.png 1024w, https:\/\/www.marko-helmets.com\/blog\/wp-content\/uploads\/2025\/01\/Masque-B8-checker-de-Marko-Helmets-300x31.png 300w, https:\/\/www.marko-helmets.com\/blog\/wp-content\/uploads\/2025\/01\/Masque-B8-checker-de-Marko-Helmets-768x78.png 768w, https:\/\/www.marko-helmets.com\/blog\/wp-content\/uploads\/2025\/01\/Masque-B8-checker-de-Marko-Helmets-1536x156.png 1536w, https:\/\/www.marko-helmets.com\/blog\/wp-content\/uploads\/2025\/01\/Masque-B8-checker-de-Marko-Helmets-2048x208.png 2048w, https:\/\/www.marko-helmets.com\/blog\/wp-content\/uploads\/2025\/01\/Masque-B8-checker-de-Marko-Helmets-1080x110.png 1080w\" sizes=\"auto, (max-width: 1024px) 100vw, 1024px\" \/><\/a><\/figure>\n\n\n\n<h2 class=\"wp-block-heading\">Les accessoires<\/h2>\n\n\n\n<figure class=\"wp-block-image size-large\"><img loading=\"lazy\" decoding=\"async\" width=\"1024\" height=\"129\" src=\"https:\/\/www.marko-helmets.com\/blog\/wp-content\/uploads\/2022\/10\/Masque-B8-Lens-Marko-1024x129.png\" alt=\"\" class=\"wp-image-938\" srcset=\"https:\/\/www.marko-helmets.com\/blog\/wp-content\/uploads\/2022\/10\/Masque-B8-Lens-Marko-1024x129.png 1024w, https:\/\/www.marko-helmets.com\/blog\/wp-content\/uploads\/2022\/10\/Masque-B8-Lens-Marko-300x38.png 300w, https:\/\/www.marko-helmets.com\/blog\/wp-content\/uploads\/2022\/10\/Masque-B8-Lens-Marko-768x97.png 768w, https:\/\/www.marko-helmets.com\/blog\/wp-content\/uploads\/2022\/10\/Masque-B8-Lens-Marko-1536x194.png 1536w, https:\/\/www.marko-helmets.com\/blog\/wp-content\/uploads\/2022\/10\/Masque-B8-Lens-Marko-2048x258.png 2048w, https:\/\/www.marko-helmets.com\/blog\/wp-content\/uploads\/2022\/10\/Masque-B8-Lens-Marko-1080x136.png 1080w\" sizes=\"auto, (max-width: 1024px) 100vw, 1024px\" \/><\/figure>\n\n\n\n<h3 class=\"wp-block-heading\">Les Caract\u00e9ristiques Techniques du B8&nbsp;<\/h3>\n\n\n\n<ul class=\"wp-block-list\">\n<li>Masque moto ultra compact adapt\u00e9 pour casque jet et casque int\u00e9gral sans \u00e9cran<\/li>\n\n\n\n<li>Mousse triple \u00e9paisseur pour un confort accru<\/li>\n\n\n\n<li>Passage de lunettes \u2013 vues et solaires.<\/li>\n\n\n\n<li>Champs de vision large gr\u00e2ce \u00e0 son design<\/li>\n\n\n\n<li>Traitement antibu\u00e9e de la lentille<\/li>\n\n\n\n<li>Double jeu de lentilles fourni\u00a0: lentille transparente \/ lentille marron anti-\u00e9blouissement et contrastante.<\/li>\n\n\n\n<li>Certification CE, protection UV 400<\/li>\n\n\n\n<li>Optimisation des ventilations<\/li>\n\n\n\n<li>Large \u00e9lastique silicon\u00e9 (triple stratification) pour un grip optimal<\/li>\n\n\n\n<li>Pochette en microfibre pouvant faire office de tissu de nettoyage<\/li>\n<\/ul>\n\n\n\n<p><strong>Prix public :<\/strong> 99.90 \u20ac<\/p>\n\n\n\n<div class=\"wp-block-button aligncenter\"><a class=\"wp-block-button__link has-background wp-element-button\" href=\"https:\/\/marko-helmets.com\/\" style=\"background-color:#c39f76\" target=\"_blank\" rel=\"noreferrer noopener\">Disponible sur marko helmets<\/a><\/div>\n","protected":false},"excerpt":{"rendered":"<p>Pour affronter les al\u00e9as de la route, M\u00c2RK\u00d6 s\u2019inspire des codes de l\u2019aviation en proposant un masque moto au d\u00e9tenteur de casque jet ou casque int\u00e9gral sans \u00e9cran. Avec le B8 Goggle Replica, M\u00c2RK\u00d6 s\u2019attaque aux d\u00e9sagr\u00e9ments que repr\u00e9sentent poussi\u00e8res, insectes et vent lors de la pratique r\u00e9guli\u00e8re du 2 roues. Le B8 Goggle Replica emprunte les lignes sobres de son illustre a\u00efeul d\u00e9velopp\u00e9 durant la seconde guerre mondiale pour les Bombardiers de la Royal Air Force pilotant de nuit. M\u00c2RK\u00d6 modernise ses traits et lui offre un v\u00e9ritable lifting, le rendant ainsi plus l\u00e9ger et compact. De quoi armer le voyageur moderne face au p\u00e9ril routier. Le&nbsp;B8 Goggle Replica offre une grande polyvalence gr\u00e2ce \u00e0&nbsp;sa gamme d\u2019accessoires&nbsp;taill\u00e9s pour l\u2019aventure. L\u2019\u00e9lastique, large et r\u00e9glable, est muni d\u2019une triple bande de silicone, apportant ainsi un maintient parfait contre le casque. Il est agr\u00e9ment\u00e9 du logo M\u00c2RK\u00d6 sur un empi\u00e8cement en \u00e9co-cuir pour parfaire sa finition. Fourni avec 2 lentilles interchangeables, le B8 Goggle Replica permet de rouler par temps clair&nbsp;comme de lutter contre les \u00e9blouissements du soleil ou des phares des voitures gr\u00e2ce \u00e0 sa lentille marron d\u00e9velopp\u00e9e pour augmenter les contrastes lors de la conduite de nuit. Ne laissant aucun [&hellip;]<\/p>\n","protected":false},"author":1,"featured_media":0,"parent":1016,"menu_order":1,"comment_status":"closed","ping_status":"closed","template":"","meta":{"footnotes":""},"class_list":["post-179","page","type-page","status-publish","hentry"],"_links":{"self":[{"href":"https:\/\/www.marko-helmets.com\/blog\/wp-json\/wp\/v2\/pages\/179","targetHints":{"allow":["GET"]}}],"collection":[{"href":"https:\/\/www.marko-helmets.com\/blog\/wp-json\/wp\/v2\/pages"}],"about":[{"href":"https:\/\/www.marko-helmets.com\/blog\/wp-json\/wp\/v2\/types\/page"}],"author":[{"embeddable":true,"href":"https:\/\/www.marko-helmets.com\/blog\/wp-json\/wp\/v2\/users\/1"}],"replies":[{"embeddable":true,"href":"https:\/\/www.marko-helmets.com\/blog\/wp-json\/wp\/v2\/comments?post=179"}],"version-history":[{"count":19,"href":"https:\/\/www.marko-helmets.com\/blog\/wp-json\/wp\/v2\/pages\/179\/revisions"}],"predecessor-version":[{"id":1597,"href":"https:\/\/www.marko-helmets.com\/blog\/wp-json\/wp\/v2\/pages\/179\/revisions\/1597"}],"up":[{"embeddable":true,"href":"https:\/\/www.marko-helmets.com\/blog\/wp-json\/wp\/v2\/pages\/1016"}],"wp:attachment":[{"href":"https:\/\/www.marko-helmets.com\/blog\/wp-json\/wp\/v2\/media?parent=179"}],"curies":[{"name":"wp","href":"https:\/\/api.w.org\/{rel}","templated":true}]}}