{"id":1331,"date":"2023-08-28T08:54:21","date_gmt":"2023-08-28T06:54:21","guid":{"rendered":"https:\/\/www.marko-helmets.com\/blog\/?page_id=1331"},"modified":"2023-08-28T08:54:22","modified_gmt":"2023-08-28T06:54:22","slug":"le-casque-m-jet-carbon","status":"publish","type":"page","link":"https:\/\/www.marko-helmets.com\/blog\/accueil\/les-casques-moto\/gamme-urbaine\/le-casque-m-jet-carbon\/","title":{"rendered":"Le casque M-Jet Carbon"},"content":{"rendered":"\n<p>Le <a href=\"https:\/\/marko-helmets.com\/content\/40-le-casque-m-jet-carbon-de-marko-helmets\" target=\"_blank\" rel=\"noreferrer noopener\" aria-label=\"M-Jet Carbon (s\u2019ouvre dans un nouvel onglet)\">M-Jet Carbon<\/a> est un casque jet particuli\u00e8rement complet : \u00e9cran solaire int\u00e9gr\u00e9, syst\u00e8me de ventilation, int\u00e9rieur d\u00e9montable, boucle microm\u00e9trique, \u00e9cran large pour une bonne vision p\u00e9riph\u00e9rique en agglom\u00e9ration.<\/p>\n\n\n\n<figure class=\"wp-block-image size-large\"><img loading=\"lazy\" decoding=\"async\" width=\"1024\" height=\"678\" src=\"https:\/\/www.marko-helmets.com\/blog\/wp-content\/uploads\/2023\/08\/blog-casque-m-jet-carbon-1024x678.png\" alt=\"\" class=\"wp-image-1332\" srcset=\"https:\/\/www.marko-helmets.com\/blog\/wp-content\/uploads\/2023\/08\/blog-casque-m-jet-carbon-1024x678.png 1024w, https:\/\/www.marko-helmets.com\/blog\/wp-content\/uploads\/2023\/08\/blog-casque-m-jet-carbon-300x199.png 300w, https:\/\/www.marko-helmets.com\/blog\/wp-content\/uploads\/2023\/08\/blog-casque-m-jet-carbon-768x508.png 768w, https:\/\/www.marko-helmets.com\/blog\/wp-content\/uploads\/2023\/08\/blog-casque-m-jet-carbon-1536x1017.png 1536w, https:\/\/www.marko-helmets.com\/blog\/wp-content\/uploads\/2023\/08\/blog-casque-m-jet-carbon-1080x715.png 1080w, https:\/\/www.marko-helmets.com\/blog\/wp-content\/uploads\/2023\/08\/blog-casque-m-jet-carbon.png 1976w\" sizes=\"auto, (max-width: 1024px) 100vw, 1024px\" \/><\/figure>\n\n\n\n<p>Le casque M-Jet Carbon fait partie des casques Jet le plus appr\u00e9ci\u00e9s des motocyclistes urbains. C\u2019est le r\u00e9sultat logique de son ergonomie et de son design moderne passe-partout. Il est \u00e9galement id\u00e9al pour les trajets quotidiens en ville et les d\u00e9placements courts. Le casque est \u00e0 la fois l\u00e9ger gr\u00e2ce \u00e0 sa coque en carbon et vous offrira un excellent champ de vision.<\/p>\n\n\n\n<figure class=\"wp-block-image size-large\"><img loading=\"lazy\" decoding=\"async\" width=\"1024\" height=\"601\" src=\"https:\/\/www.marko-helmets.com\/blog\/wp-content\/uploads\/2023\/08\/blog-casque-m-jet-carbon-1-1024x601.png\" alt=\"\" class=\"wp-image-1333\" srcset=\"https:\/\/www.marko-helmets.com\/blog\/wp-content\/uploads\/2023\/08\/blog-casque-m-jet-carbon-1-1024x601.png 1024w, https:\/\/www.marko-helmets.com\/blog\/wp-content\/uploads\/2023\/08\/blog-casque-m-jet-carbon-1-300x176.png 300w, https:\/\/www.marko-helmets.com\/blog\/wp-content\/uploads\/2023\/08\/blog-casque-m-jet-carbon-1-768x451.png 768w, https:\/\/www.marko-helmets.com\/blog\/wp-content\/uploads\/2023\/08\/blog-casque-m-jet-carbon-1-1536x901.png 1536w, https:\/\/www.marko-helmets.com\/blog\/wp-content\/uploads\/2023\/08\/blog-casque-m-jet-carbon-1-1080x634.png 1080w, https:\/\/www.marko-helmets.com\/blog\/wp-content\/uploads\/2023\/08\/blog-casque-m-jet-carbon-1.png 1980w\" sizes=\"auto, (max-width: 1024px) 100vw, 1024px\" \/><\/figure>\n\n\n\n<p>Le M-Jet Carbon \u00e9vacue l\u2019humidit\u00e9 en toute efficacit\u00e9 gr\u00e2ce \u00e0 son rembourrage en Alcantara amovible et lavable. Sa doublure est hypoallerg\u00e9nique. Par ailleurs, ce casque permet l\u2019installation de votre communicateur Bluetooth le MARKOM gr\u00e2ce \u00e0 la pr\u00e9sence d\u2019un dispositif permettant d\u2019accueillir vos haut-parleurs.<\/p>\n\n\n\n<h3 class=\"wp-block-heading\">Le casque M-Jet Carbon &#8211; Coloris<\/h3>\n\n\n\n<p>Casque M-Jet Carbon Marko &#8211; <a href=\"https:\/\/marko-helmets.com\/casque-m-jet-carbon-marko-p-378-6520.html#\/25-taille-xs\/110-couleur-carbon\" target=\"_blank\" rel=\"noreferrer noopener\" aria-label=\"Black (s\u2019ouvre dans un nouvel onglet)\">Black<\/a><\/p>\n\n\n\n<figure class=\"wp-block-image size-large\"><img loading=\"lazy\" decoding=\"async\" width=\"1024\" height=\"213\" src=\"https:\/\/www.marko-helmets.com\/blog\/wp-content\/uploads\/2023\/08\/Casque-m-jet-carbon-Marko-Helmets-Black-1024x213.png\" alt=\"\" class=\"wp-image-1335\" srcset=\"https:\/\/www.marko-helmets.com\/blog\/wp-content\/uploads\/2023\/08\/Casque-m-jet-carbon-Marko-Helmets-Black-1024x213.png 1024w, https:\/\/www.marko-helmets.com\/blog\/wp-content\/uploads\/2023\/08\/Casque-m-jet-carbon-Marko-Helmets-Black-300x63.png 300w, https:\/\/www.marko-helmets.com\/blog\/wp-content\/uploads\/2023\/08\/Casque-m-jet-carbon-Marko-Helmets-Black-768x160.png 768w, https:\/\/www.marko-helmets.com\/blog\/wp-content\/uploads\/2023\/08\/Casque-m-jet-carbon-Marko-Helmets-Black-1536x320.png 1536w, https:\/\/www.marko-helmets.com\/blog\/wp-content\/uploads\/2023\/08\/Casque-m-jet-carbon-Marko-Helmets-Black-2048x427.png 2048w, https:\/\/www.marko-helmets.com\/blog\/wp-content\/uploads\/2023\/08\/Casque-m-jet-carbon-Marko-Helmets-Black-1080x225.png 1080w\" sizes=\"auto, (max-width: 1024px) 100vw, 1024px\" \/><\/figure>\n\n\n\n<h3 class=\"wp-block-heading\">Les caract\u00e9ristiques techniques<\/h3>\n\n\n\n<p><strong>Tailles :<\/strong> XS \u00e0 XXL<\/p>\n\n\n\n<p><strong>Poids :<\/strong> 1200g ( +\/- 50g )<\/p>\n\n\n\n<p><strong>Homologation :<\/strong> ecer22-06<\/p>\n\n\n\n<ul class=\"wp-block-list\"><li> Livr\u00e9 avec une housse de transport et des stickers r\u00e9fl\u00e9chissants,<\/li><li> Casque jet avec une coque en carbon pour vous offrir un casque l\u00e9ger, silencieux et confortable,<\/li><li> Int\u00e9rieur antibact\u00e9rien, anti odeurs et anti transpiration, offrant des propri\u00e9t\u00e9s auto rafra\u00eechissantes,<\/li><li> int\u00e9rieur enti\u00e8rement d\u00e9montable et lavable,<\/li><li> Passage des lunettes facilit\u00e9 gr\u00e2ce \u00e0 des cannelures pr\u00e9vues dans les mousses,<\/li><li> \u00c9cran incolore trait\u00e9 anti-UV et antibu\u00e9e,<\/li><li> Syst\u00e8me de remplacements de l&rsquo;\u00e9cran EASY LOCK : d\u00e9montage ais\u00e9 sans outils,<\/li><li> Circulation de l&rsquo;air optimale gr\u00e2ce \u00e0 sa ventilation sup\u00e9rieure,<\/li><li> Fermeture de la jugulaire par boucle microm\u00e9trique en acier inoxydable rapide et efficace,<\/li><li> Champ de vision large.<\/li><li> \u00c9cran solaire interne r\u00e9glable permettant d\u2019\u00eatre ajustable \u00e0 tous les types de morphologies. <\/li><\/ul>\n\n\n\n<p><strong>Prix Public :<\/strong> 349 \u20ac<\/p>\n\n\n\n<div class=\"wp-block-button aligncenter\"><a class=\"wp-block-button__link has-background no-border-radius\" href=\"https:\/\/marko-helmets.com\/content\/40-le-casque-m-jet-carbon-de-marko-helmets\" style=\"background-color:#c39f76\">Disponible sur marko helmets<\/a><\/div>\n","protected":false},"excerpt":{"rendered":"<p>Le M-Jet Carbon est un casque jet particuli\u00e8rement complet : \u00e9cran solaire int\u00e9gr\u00e9, syst\u00e8me de ventilation, int\u00e9rieur d\u00e9montable, boucle microm\u00e9trique, \u00e9cran large pour une bonne vision p\u00e9riph\u00e9rique en agglom\u00e9ration. Le casque M-Jet Carbon fait partie des casques Jet le plus appr\u00e9ci\u00e9s des motocyclistes urbains. C\u2019est le r\u00e9sultat logique de son ergonomie et de son design moderne passe-partout. Il est \u00e9galement id\u00e9al pour les trajets quotidiens en ville et les d\u00e9placements courts. Le casque est \u00e0 la fois l\u00e9ger gr\u00e2ce \u00e0 sa coque en carbon et vous offrira un excellent champ de vision. Le M-Jet Carbon \u00e9vacue l\u2019humidit\u00e9 en toute efficacit\u00e9 gr\u00e2ce \u00e0 son rembourrage en Alcantara amovible et lavable. Sa doublure est hypoallerg\u00e9nique. Par ailleurs, ce casque permet l\u2019installation de votre communicateur Bluetooth le MARKOM gr\u00e2ce \u00e0 la pr\u00e9sence d\u2019un dispositif permettant d\u2019accueillir vos haut-parleurs. Le casque M-Jet Carbon &#8211; Coloris Casque M-Jet Carbon Marko &#8211; Black Les caract\u00e9ristiques techniques Tailles : XS \u00e0 XXL Poids : 1200g ( +\/- 50g ) Homologation : ecer22-06 Livr\u00e9 avec une housse de transport et des stickers r\u00e9fl\u00e9chissants, Casque jet avec une coque en carbon pour vous offrir un casque l\u00e9ger, silencieux et confortable, Int\u00e9rieur antibact\u00e9rien, anti odeurs et anti transpiration, offrant des [&hellip;]<\/p>\n","protected":false},"author":1,"featured_media":0,"parent":1002,"menu_order":0,"comment_status":"closed","ping_status":"closed","template":"","meta":{"footnotes":""},"class_list":["post-1331","page","type-page","status-publish","hentry"],"_links":{"self":[{"href":"https:\/\/www.marko-helmets.com\/blog\/wp-json\/wp\/v2\/pages\/1331","targetHints":{"allow":["GET"]}}],"collection":[{"href":"https:\/\/www.marko-helmets.com\/blog\/wp-json\/wp\/v2\/pages"}],"about":[{"href":"https:\/\/www.marko-helmets.com\/blog\/wp-json\/wp\/v2\/types\/page"}],"author":[{"embeddable":true,"href":"https:\/\/www.marko-helmets.com\/blog\/wp-json\/wp\/v2\/users\/1"}],"replies":[{"embeddable":true,"href":"https:\/\/www.marko-helmets.com\/blog\/wp-json\/wp\/v2\/comments?post=1331"}],"version-history":[{"count":2,"href":"https:\/\/www.marko-helmets.com\/blog\/wp-json\/wp\/v2\/pages\/1331\/revisions"}],"predecessor-version":[{"id":1336,"href":"https:\/\/www.marko-helmets.com\/blog\/wp-json\/wp\/v2\/pages\/1331\/revisions\/1336"}],"up":[{"embeddable":true,"href":"https:\/\/www.marko-helmets.com\/blog\/wp-json\/wp\/v2\/pages\/1002"}],"wp:attachment":[{"href":"https:\/\/www.marko-helmets.com\/blog\/wp-json\/wp\/v2\/media?parent=1331"}],"curies":[{"name":"wp","href":"https:\/\/api.w.org\/{rel}","templated":true}]}}

<p>Le <a href="https://marko-helmets.com/content/40-le-casque-m-jet-carbon-de-marko-helmets" target="_blank" rel="noreferrer noopener" aria-label="M-Jet Carbon (s’ouvre dans un nouvel onglet)">M-Jet Carbon</a> est un casque jet particulièrement complet : écran solaire intégré, système de ventilation, intérieur démontable, boucle micrométrique, écran large pour une bonne vision périphérique en agglomération.</p>



<figure class="wp-block-image size-large"><img loading="lazy" decoding="async" width="1024" height="678" src="https://www.marko-helmets.com/blog/wp-content/uploads/2023/08/blog-casque-m-jet-carbon-1024x678.png" alt="" class="wp-image-1332" srcset="https://www.marko-helmets.com/blog/wp-content/uploads/2023/08/blog-casque-m-jet-carbon-1024x678.png 1024w, https://www.marko-helmets.com/blog/wp-content/uploads/2023/08/blog-casque-m-jet-carbon-300x199.png 300w, https://www.marko-helmets.com/blog/wp-content/uploads/2023/08/blog-casque-m-jet-carbon-768x508.png 768w, https://www.marko-helmets.com/blog/wp-content/uploads/2023/08/blog-casque-m-jet-carbon-1536x1017.png 1536w, https://www.marko-helmets.com/blog/wp-content/uploads/2023/08/blog-casque-m-jet-carbon-1080x715.png 1080w, https://www.marko-helmets.com/blog/wp-content/uploads/2023/08/blog-casque-m-jet-carbon.png 1976w" sizes="auto, (max-width: 1024px) 100vw, 1024px" /></figure>



<p>Le casque M-Jet Carbon fait partie des casques Jet le plus appréciés des motocyclistes urbains. C’est le résultat logique de son ergonomie et de son design moderne passe-partout. Il est également idéal pour les trajets quotidiens en ville et les déplacements courts. Le casque est à la fois léger grâce à sa coque en carbon et vous offrira un excellent champ de vision.</p>



<figure class="wp-block-image size-large"><img loading="lazy" decoding="async" width="1024" height="601" src="https://www.marko-helmets.com/blog/wp-content/uploads/2023/08/blog-casque-m-jet-carbon-1-1024x601.png" alt="" class="wp-image-1333" srcset="https://www.marko-helmets.com/blog/wp-content/uploads/2023/08/blog-casque-m-jet-carbon-1-1024x601.png 1024w, https://www.marko-helmets.com/blog/wp-content/uploads/2023/08/blog-casque-m-jet-carbon-1-300x176.png 300w, https://www.marko-helmets.com/blog/wp-content/uploads/2023/08/blog-casque-m-jet-carbon-1-768x451.png 768w, https://www.marko-helmets.com/blog/wp-content/uploads/2023/08/blog-casque-m-jet-carbon-1-1536x901.png 1536w, https://www.marko-helmets.com/blog/wp-content/uploads/2023/08/blog-casque-m-jet-carbon-1-1080x634.png 1080w, https://www.marko-helmets.com/blog/wp-content/uploads/2023/08/blog-casque-m-jet-carbon-1.png 1980w" sizes="auto, (max-width: 1024px) 100vw, 1024px" /></figure>



<p>Le M-Jet Carbon évacue l’humidité en toute efficacité grâce à son rembourrage en Alcantara amovible et lavable. Sa doublure est hypoallergénique. Par ailleurs, ce casque permet l’installation de votre communicateur Bluetooth le MARKOM grâce à la présence d’un dispositif permettant d’accueillir vos haut-parleurs.</p>



<h3 class="wp-block-heading">Le casque M-Jet Carbon &#8211; Coloris</h3>



<p>Casque M-Jet Carbon Marko &#8211; <a href="https://marko-helmets.com/casque-m-jet-carbon-marko-p-378-6520.html#/25-taille-xs/110-couleur-carbon" target="_blank" rel="noreferrer noopener" aria-label="Black (s’ouvre dans un nouvel onglet)">Black</a></p>



<figure class="wp-block-image size-large"><img loading="lazy" decoding="async" width="1024" height="213" src="https://www.marko-helmets.com/blog/wp-content/uploads/2023/08/Casque-m-jet-carbon-Marko-Helmets-Black-1024x213.png" alt="" class="wp-image-1335" srcset="https://www.marko-helmets.com/blog/wp-content/uploads/2023/08/Casque-m-jet-carbon-Marko-Helmets-Black-1024x213.png 1024w, https://www.marko-helmets.com/blog/wp-content/uploads/2023/08/Casque-m-jet-carbon-Marko-Helmets-Black-300x63.png 300w, https://www.marko-helmets.com/blog/wp-content/uploads/2023/08/Casque-m-jet-carbon-Marko-Helmets-Black-768x160.png 768w, https://www.marko-helmets.com/blog/wp-content/uploads/2023/08/Casque-m-jet-carbon-Marko-Helmets-Black-1536x320.png 1536w, https://www.marko-helmets.com/blog/wp-content/uploads/2023/08/Casque-m-jet-carbon-Marko-Helmets-Black-2048x427.png 2048w, https://www.marko-helmets.com/blog/wp-content/uploads/2023/08/Casque-m-jet-carbon-Marko-Helmets-Black-1080x225.png 1080w" sizes="auto, (max-width: 1024px) 100vw, 1024px" /></figure>



<h3 class="wp-block-heading">Les caractéristiques techniques</h3>



<p><strong>Tailles :</strong> XS à XXL</p>



<p><strong>Poids :</strong> 1200g ( +/- 50g )</p>



<p><strong>Homologation :</strong> ecer22-06</p>



<ul class="wp-block-list"><li> Livré avec une housse de transport et des stickers réfléchissants,</li><li> Casque jet avec une coque en carbon pour vous offrir un casque léger, silencieux et confortable,</li><li> Intérieur antibactérien, anti odeurs et anti transpiration, offrant des propriétés auto rafraîchissantes,</li><li> intérieur entièrement démontable et lavable,</li><li> Passage des lunettes facilité grâce à des cannelures prévues dans les mousses,</li><li> Écran incolore traité anti-UV et antibuée,</li><li> Système de remplacements de l&rsquo;écran EASY LOCK : démontage aisé sans outils,</li><li> Circulation de l&rsquo;air optimale grâce à sa ventilation supérieure,</li><li> Fermeture de la jugulaire par boucle micrométrique en acier inoxydable rapide et efficace,</li><li> Champ de vision large.</li><li> Écran solaire interne réglable permettant d’être ajustable à tous les types de morphologies. </li></ul>



<p><strong>Prix Public :</strong> 349 €</p>



<div class="wp-block-button aligncenter"><a class="wp-block-button__link has-background no-border-radius" href="https://marko-helmets.com/content/40-le-casque-m-jet-carbon-de-marko-helmets" style="background-color:#c39f76">Disponible sur marko helmets</a></div>

<p>Le M-Jet Carbon est un casque jet particulièrement complet : écran solaire intégré, système de ventilation, intérieur démontable, boucle micrométrique, écran large pour une bonne vision périphérique en agglomération. Le casque M-Jet Carbon fait partie des casques Jet le plus appréciés des motocyclistes urbains. C’est le résultat logique de son ergonomie et de son design moderne passe-partout. Il est également idéal pour les trajets quotidiens en ville et les déplacements courts. Le casque est à la fois léger grâce à sa coque en carbon et vous offrira un excellent champ de vision. Le M-Jet Carbon évacue l’humidité en toute efficacité grâce à son rembourrage en Alcantara amovible et lavable. Sa doublure est hypoallergénique. Par ailleurs, ce casque permet l’installation de votre communicateur Bluetooth le MARKOM grâce à la présence d’un dispositif permettant d’accueillir vos haut-parleurs. Le casque M-Jet Carbon &#8211; Coloris Casque M-Jet Carbon Marko &#8211; Black Les caractéristiques techniques Tailles : XS à XXL Poids : 1200g ( +/- 50g ) Homologation : ecer22-06 Livré avec une housse de transport et des stickers réfléchissants, Casque jet avec une coque en carbon pour vous offrir un casque léger, silencieux et confortable, Intérieur antibactérien, anti odeurs et anti transpiration, offrant des [&hellip;]</p>
