{"id":1292,"date":"2023-08-23T12:07:08","date_gmt":"2023-08-23T10:07:08","guid":{"rendered":"https:\/\/www.marko-helmets.com\/blog\/?page_id=1292"},"modified":"2023-08-24T09:13:28","modified_gmt":"2023-08-24T07:13:28","slug":"le-casque-dark-side","status":"publish","type":"page","link":"https:\/\/www.marko-helmets.com\/blog\/accueil\/les-casques-moto\/gamme-classique\/le-casque-dark-side\/","title":{"rendered":"Le casque Dark Side"},"content":{"rendered":"\n<p>Marko Helmets&nbsp;lance sa nouveaut\u00e9 2023,<a href=\"https:\/\/marko-helmets.com\/content\/39-le-dark-side-de-marko-helmets-\" target=\"_blank\" rel=\"noreferrer noopener\" aria-label=\" le Dark Side (s\u2019ouvre dans un nouvel onglet)\"> le Dark Side<\/a> ! C\u2019est un casque int\u00e9gral&nbsp;n\u00e9o-r\u00e9tro, avec un look unique et des lignes \u00e9pur\u00e9es. Le casque est fabriqu\u00e9 avec une coque&nbsp;en fibres composite ou en carbone. Sa visi\u00e8re fum\u00e9e et longue lui permet d&rsquo;avoir un style quine laisse personne indiff\u00e9rent et ainsi casser les codes !&nbsp;Le Dark Side est unique et agressif. Ce casque a \u00e9t\u00e9 imagin\u00e9 pour convenir aux&nbsp;amateurs de moto vintage mais aussi pour les sportifs avec sa version carbon pour plus de&nbsp;l\u00e9g\u00e8ret\u00e9 et poss\u00e8de la nouvelle homologation<strong>&nbsp;ECE22.06<\/strong>. <\/p>\n\n\n\n<figure class=\"wp-block-image size-large\"><img loading=\"lazy\" decoding=\"async\" width=\"1024\" height=\"662\" src=\"https:\/\/www.marko-helmets.com\/blog\/wp-content\/uploads\/2023\/08\/Copie-de-blog-casque-m-carbon-1024x662.png\" alt=\"\" class=\"wp-image-1294\" srcset=\"https:\/\/www.marko-helmets.com\/blog\/wp-content\/uploads\/2023\/08\/Copie-de-blog-casque-m-carbon-1024x662.png 1024w, https:\/\/www.marko-helmets.com\/blog\/wp-content\/uploads\/2023\/08\/Copie-de-blog-casque-m-carbon-300x194.png 300w, https:\/\/www.marko-helmets.com\/blog\/wp-content\/uploads\/2023\/08\/Copie-de-blog-casque-m-carbon-768x497.png 768w, https:\/\/www.marko-helmets.com\/blog\/wp-content\/uploads\/2023\/08\/Copie-de-blog-casque-m-carbon-1536x993.png 1536w, https:\/\/www.marko-helmets.com\/blog\/wp-content\/uploads\/2023\/08\/Copie-de-blog-casque-m-carbon-1080x698.png 1080w, https:\/\/www.marko-helmets.com\/blog\/wp-content\/uploads\/2023\/08\/Copie-de-blog-casque-m-carbon.png 2000w\" sizes=\"auto, (max-width: 1024px) 100vw, 1024px\" \/><\/figure>\n\n\n\n<p>La grande nouveaut\u00e9, c\u2019est sa visi\u00e8re Full black jusqu&rsquo;\u00e0 la visserie et son design&nbsp;descendant qui donne l\u2019illusion de rouler avec un jet mais avec la s\u00e9curit\u00e9 d\u2019un casque&nbsp;int\u00e9gral. Le Dark Side est pr\u00e9dispos\u00e9&nbsp; pour int\u00e9grer un masque et ainsi montrer une autre&nbsp;facette de son design avec cette fois la visibilit\u00e9 de sa mentonni\u00e8re fine et basse qui vous&nbsp;assure une protection en cas de chute.&nbsp;Le casque est tr\u00e8s confortable avec un int\u00e9rieur noir en alcantara. Celui-ci est&nbsp;d\u00e9montable et lavable. L&rsquo;insonorit\u00e9 du casque a \u00e9t\u00e9 \u00e9tudi\u00e9e pour r\u00e9duire les r\u00e9sonances&nbsp;lorsque la vitesse de roulage est \u00e9lev\u00e9e et ainsi rouler des heures dans un confort absolu. <\/p>\n\n\n\n<figure class=\"wp-block-image size-large\"><img loading=\"lazy\" decoding=\"async\" width=\"1024\" height=\"632\" src=\"https:\/\/www.marko-helmets.com\/blog\/wp-content\/uploads\/2023\/08\/Copie-de-blog-casque-m-carbon-1-1024x632.png\" alt=\"\" class=\"wp-image-1295\" srcset=\"https:\/\/www.marko-helmets.com\/blog\/wp-content\/uploads\/2023\/08\/Copie-de-blog-casque-m-carbon-1-1024x632.png 1024w, https:\/\/www.marko-helmets.com\/blog\/wp-content\/uploads\/2023\/08\/Copie-de-blog-casque-m-carbon-1-300x185.png 300w, https:\/\/www.marko-helmets.com\/blog\/wp-content\/uploads\/2023\/08\/Copie-de-blog-casque-m-carbon-1-768x474.png 768w, https:\/\/www.marko-helmets.com\/blog\/wp-content\/uploads\/2023\/08\/Copie-de-blog-casque-m-carbon-1-1536x948.png 1536w, https:\/\/www.marko-helmets.com\/blog\/wp-content\/uploads\/2023\/08\/Copie-de-blog-casque-m-carbon-1-1080x667.png 1080w, https:\/\/www.marko-helmets.com\/blog\/wp-content\/uploads\/2023\/08\/Copie-de-blog-casque-m-carbon-1.png 2000w\" sizes=\"auto, (max-width: 1024px) 100vw, 1024px\" \/><\/figure>\n\n\n\n<p>Vous pouvez int\u00e9grer un intercom.&nbsp;La visi\u00e8re fum\u00e9e est fournie avec le casque ainsi qu\u2019une visi\u00e8re claire caract\u00e9ristique<br>appr\u00e9ci\u00e9e par les utilisateurs de deux roues. Le package du casque comprend une housse&nbsp;mais \u00e9galement un sac de transport pour une pr\u00e9servation de celui-ci m\u00eame lors de vos&nbsp;d\u00e9placements. <\/p>\n\n\n\n<figure class=\"wp-block-image size-large\"><img loading=\"lazy\" decoding=\"async\" width=\"1024\" height=\"632\" src=\"https:\/\/www.marko-helmets.com\/blog\/wp-content\/uploads\/2023\/08\/Copie-de-blog-casque-m-carbon-2-1024x632.png\" alt=\"\" class=\"wp-image-1296\" srcset=\"https:\/\/www.marko-helmets.com\/blog\/wp-content\/uploads\/2023\/08\/Copie-de-blog-casque-m-carbon-2-1024x632.png 1024w, https:\/\/www.marko-helmets.com\/blog\/wp-content\/uploads\/2023\/08\/Copie-de-blog-casque-m-carbon-2-300x185.png 300w, https:\/\/www.marko-helmets.com\/blog\/wp-content\/uploads\/2023\/08\/Copie-de-blog-casque-m-carbon-2-768x474.png 768w, https:\/\/www.marko-helmets.com\/blog\/wp-content\/uploads\/2023\/08\/Copie-de-blog-casque-m-carbon-2-1536x948.png 1536w, https:\/\/www.marko-helmets.com\/blog\/wp-content\/uploads\/2023\/08\/Copie-de-blog-casque-m-carbon-2-1080x667.png 1080w, https:\/\/www.marko-helmets.com\/blog\/wp-content\/uploads\/2023\/08\/Copie-de-blog-casque-m-carbon-2.png 2000w\" sizes=\"auto, (max-width: 1024px) 100vw, 1024px\" \/><\/figure>\n\n\n\n<p>Le casque est disponible en plusieurs d\u00e9clinaisons de couleurs toutes vendues avec&nbsp;la visi\u00e8re fum\u00e9e. Il ne vous reste plus qu&rsquo;\u00e0 choisir le style qui s\u2019accordera parfaitement avec&nbsp;votre moto.&nbsp;Le Dark Side allie \u00e9l\u00e9gance, s\u00e9curit\u00e9, l\u00e9g\u00e8ret\u00e9 et confort dans un look n\u00e9o-r\u00e9tro et&nbsp;sera votre partenaire id\u00e9al pour vos aventures motoris\u00e9es. <\/p>\n\n\n\n<h3 class=\"wp-block-heading\">Casque Dark Side &#8211; Coloris<\/h3>\n\n\n\n<p>Casque Dark Side Marko &#8211; <a href=\"https:\/\/marko-helmets.com\/casque-dark-side-marko-p-381-6546.html#\/25-taille-xs\/183-couleur-black\" target=\"_blank\" rel=\"noreferrer noopener\" aria-label=\"Black (s\u2019ouvre dans un nouvel onglet)\">Black<\/a><\/p>\n\n\n\n<figure class=\"wp-block-image size-large\"><img loading=\"lazy\" decoding=\"async\" width=\"1024\" height=\"157\" src=\"https:\/\/www.marko-helmets.com\/blog\/wp-content\/uploads\/2023\/08\/Casque-Dark-Side-Marko-Helmets-Black-1024x157.png\" alt=\"\" class=\"wp-image-1299\" srcset=\"https:\/\/www.marko-helmets.com\/blog\/wp-content\/uploads\/2023\/08\/Casque-Dark-Side-Marko-Helmets-Black-1024x157.png 1024w, https:\/\/www.marko-helmets.com\/blog\/wp-content\/uploads\/2023\/08\/Casque-Dark-Side-Marko-Helmets-Black-300x46.png 300w, https:\/\/www.marko-helmets.com\/blog\/wp-content\/uploads\/2023\/08\/Casque-Dark-Side-Marko-Helmets-Black-768x118.png 768w, https:\/\/www.marko-helmets.com\/blog\/wp-content\/uploads\/2023\/08\/Casque-Dark-Side-Marko-Helmets-Black-1536x235.png 1536w, https:\/\/www.marko-helmets.com\/blog\/wp-content\/uploads\/2023\/08\/Casque-Dark-Side-Marko-Helmets-Black-2048x314.png 2048w, https:\/\/www.marko-helmets.com\/blog\/wp-content\/uploads\/2023\/08\/Casque-Dark-Side-Marko-Helmets-Black-1080x165.png 1080w\" sizes=\"auto, (max-width: 1024px) 100vw, 1024px\" \/><\/figure>\n\n\n\n<p>Casque Dark Side Marko &#8211; <a href=\"https:\/\/marko-helmets.com\/casque-dark-side-marko-p-381-6554.html#\/2-taille-m\/184-couleur-black_matt\" target=\"_blank\" rel=\"noreferrer noopener\" aria-label=\"Black Mat (s\u2019ouvre dans un nouvel onglet)\">Black Mat<\/a><\/p>\n\n\n\n<figure class=\"wp-block-image size-large\"><img loading=\"lazy\" decoding=\"async\" width=\"1024\" height=\"171\" src=\"https:\/\/www.marko-helmets.com\/blog\/wp-content\/uploads\/2023\/08\/Casque-Dark-Side-Marko-Helmets-Black-Mat-1024x171.png\" alt=\"\" class=\"wp-image-1300\" srcset=\"https:\/\/www.marko-helmets.com\/blog\/wp-content\/uploads\/2023\/08\/Casque-Dark-Side-Marko-Helmets-Black-Mat-1024x171.png 1024w, https:\/\/www.marko-helmets.com\/blog\/wp-content\/uploads\/2023\/08\/Casque-Dark-Side-Marko-Helmets-Black-Mat-300x50.png 300w, https:\/\/www.marko-helmets.com\/blog\/wp-content\/uploads\/2023\/08\/Casque-Dark-Side-Marko-Helmets-Black-Mat-768x128.png 768w, https:\/\/www.marko-helmets.com\/blog\/wp-content\/uploads\/2023\/08\/Casque-Dark-Side-Marko-Helmets-Black-Mat-1536x256.png 1536w, https:\/\/www.marko-helmets.com\/blog\/wp-content\/uploads\/2023\/08\/Casque-Dark-Side-Marko-Helmets-Black-Mat-2048x342.png 2048w, https:\/\/www.marko-helmets.com\/blog\/wp-content\/uploads\/2023\/08\/Casque-Dark-Side-Marko-Helmets-Black-Mat-1080x180.png 1080w\" sizes=\"auto, (max-width: 1024px) 100vw, 1024px\" \/><\/figure>\n\n\n\n<h3 class=\"wp-block-heading\">Casque Dark Side Carbon &#8211; Coloris<\/h3>\n\n\n\n<p>Casque Dark Side Marko &#8211; <a href=\"https:\/\/marko-helmets.com\/casque-dark-side-carbon-marko-p-387-6627.html#\/3-taille-l\/110-couleur-carbon\" target=\"_blank\" rel=\"noreferrer noopener\" aria-label=\"Carbon Black (s\u2019ouvre dans un nouvel onglet)\">Carbon Black<\/a><\/p>\n\n\n\n<figure class=\"wp-block-image size-large\"><img loading=\"lazy\" decoding=\"async\" width=\"1024\" height=\"173\" src=\"https:\/\/www.marko-helmets.com\/blog\/wp-content\/uploads\/2023\/08\/Casque-Dark-Side-Marko-Helmets-carbon-black-1024x173.png\" alt=\"\" class=\"wp-image-1301\" srcset=\"https:\/\/www.marko-helmets.com\/blog\/wp-content\/uploads\/2023\/08\/Casque-Dark-Side-Marko-Helmets-carbon-black-1024x173.png 1024w, https:\/\/www.marko-helmets.com\/blog\/wp-content\/uploads\/2023\/08\/Casque-Dark-Side-Marko-Helmets-carbon-black-300x51.png 300w, https:\/\/www.marko-helmets.com\/blog\/wp-content\/uploads\/2023\/08\/Casque-Dark-Side-Marko-Helmets-carbon-black-768x130.png 768w, https:\/\/www.marko-helmets.com\/blog\/wp-content\/uploads\/2023\/08\/Casque-Dark-Side-Marko-Helmets-carbon-black-1536x260.png 1536w, https:\/\/www.marko-helmets.com\/blog\/wp-content\/uploads\/2023\/08\/Casque-Dark-Side-Marko-Helmets-carbon-black-2048x346.png 2048w, https:\/\/www.marko-helmets.com\/blog\/wp-content\/uploads\/2023\/08\/Casque-Dark-Side-Marko-Helmets-carbon-black-1080x183.png 1080w\" sizes=\"auto, (max-width: 1024px) 100vw, 1024px\" \/><\/figure>\n\n\n\n<p>Casque Dark Side Marko &#8211; <a href=\"https:\/\/marko-helmets.com\/casque-dark-side-carbon-marko-p-387-6637.html#\/1-taille-s\/186-couleur-carbon_burgundy\" target=\"_blank\" rel=\"noreferrer noopener\" aria-label=\"Carbon Bordeaux (s\u2019ouvre dans un nouvel onglet)\">Carbon Bordeaux<\/a><\/p>\n\n\n\n<figure class=\"wp-block-image size-large\"><img loading=\"lazy\" decoding=\"async\" width=\"1024\" height=\"172\" src=\"https:\/\/www.marko-helmets.com\/blog\/wp-content\/uploads\/2023\/08\/Casque-Dark-Side-Marko-Helmets-Carbon-bordeaux-1024x172.png\" alt=\"\" class=\"wp-image-1302\" srcset=\"https:\/\/www.marko-helmets.com\/blog\/wp-content\/uploads\/2023\/08\/Casque-Dark-Side-Marko-Helmets-Carbon-bordeaux-1024x172.png 1024w, https:\/\/www.marko-helmets.com\/blog\/wp-content\/uploads\/2023\/08\/Casque-Dark-Side-Marko-Helmets-Carbon-bordeaux-300x50.png 300w, https:\/\/www.marko-helmets.com\/blog\/wp-content\/uploads\/2023\/08\/Casque-Dark-Side-Marko-Helmets-Carbon-bordeaux-768x129.png 768w, https:\/\/www.marko-helmets.com\/blog\/wp-content\/uploads\/2023\/08\/Casque-Dark-Side-Marko-Helmets-Carbon-bordeaux-1536x257.png 1536w, https:\/\/www.marko-helmets.com\/blog\/wp-content\/uploads\/2023\/08\/Casque-Dark-Side-Marko-Helmets-Carbon-bordeaux-2048x343.png 2048w, https:\/\/www.marko-helmets.com\/blog\/wp-content\/uploads\/2023\/08\/Casque-Dark-Side-Marko-Helmets-Carbon-bordeaux-1080x181.png 1080w\" sizes=\"auto, (max-width: 1024px) 100vw, 1024px\" \/><\/figure>\n\n\n\n<p>Casque Dark Side Marko &#8211; <a href=\"https:\/\/marko-helmets.com\/casque-dark-side-carbon-marko-p-387-6644.html#\/2-taille-m\/187-couleur-carbon_matt\" target=\"_blank\" rel=\"noreferrer noopener\" aria-label=\"Carbon Black Mat (s\u2019ouvre dans un nouvel onglet)\">Carbon Black Mat<\/a><\/p>\n\n\n\n<figure class=\"wp-block-image size-large\"><img loading=\"lazy\" decoding=\"async\" width=\"1024\" height=\"173\" src=\"https:\/\/www.marko-helmets.com\/blog\/wp-content\/uploads\/2023\/08\/Casque-Dark-Side-Marko-Helmets-Carbon-black-mat-1024x173.png\" alt=\"\" class=\"wp-image-1303\" srcset=\"https:\/\/www.marko-helmets.com\/blog\/wp-content\/uploads\/2023\/08\/Casque-Dark-Side-Marko-Helmets-Carbon-black-mat-1024x173.png 1024w, https:\/\/www.marko-helmets.com\/blog\/wp-content\/uploads\/2023\/08\/Casque-Dark-Side-Marko-Helmets-Carbon-black-mat-300x51.png 300w, https:\/\/www.marko-helmets.com\/blog\/wp-content\/uploads\/2023\/08\/Casque-Dark-Side-Marko-Helmets-Carbon-black-mat-768x130.png 768w, https:\/\/www.marko-helmets.com\/blog\/wp-content\/uploads\/2023\/08\/Casque-Dark-Side-Marko-Helmets-Carbon-black-mat-1536x260.png 1536w, https:\/\/www.marko-helmets.com\/blog\/wp-content\/uploads\/2023\/08\/Casque-Dark-Side-Marko-Helmets-Carbon-black-mat-2048x346.png 2048w, https:\/\/www.marko-helmets.com\/blog\/wp-content\/uploads\/2023\/08\/Casque-Dark-Side-Marko-Helmets-Carbon-black-mat-1080x183.png 1080w\" sizes=\"auto, (max-width: 1024px) 100vw, 1024px\" \/><\/figure>\n\n\n\n<p>Casque Dark Side Marko &#8211; <a href=\"https:\/\/marko-helmets.com\/casque-dark-side-carbon-marko-p-387-6634.html#\/26-taille-xl\/185-couleur-carbon_blue\" target=\"_blank\" rel=\"noreferrer noopener\" aria-label=\"Carbon Bleu (s\u2019ouvre dans un nouvel onglet)\">Carbon Bleu<\/a><\/p>\n\n\n\n<figure class=\"wp-block-image size-large\"><img loading=\"lazy\" decoding=\"async\" width=\"1024\" height=\"171\" src=\"https:\/\/www.marko-helmets.com\/blog\/wp-content\/uploads\/2023\/08\/Casque-Dark-Side-Marko-Helmets-carbon-Bleu-1024x171.png\" alt=\"\" class=\"wp-image-1304\" srcset=\"https:\/\/www.marko-helmets.com\/blog\/wp-content\/uploads\/2023\/08\/Casque-Dark-Side-Marko-Helmets-carbon-Bleu-1024x171.png 1024w, https:\/\/www.marko-helmets.com\/blog\/wp-content\/uploads\/2023\/08\/Casque-Dark-Side-Marko-Helmets-carbon-Bleu-300x50.png 300w, https:\/\/www.marko-helmets.com\/blog\/wp-content\/uploads\/2023\/08\/Casque-Dark-Side-Marko-Helmets-carbon-Bleu-768x128.png 768w, https:\/\/www.marko-helmets.com\/blog\/wp-content\/uploads\/2023\/08\/Casque-Dark-Side-Marko-Helmets-carbon-Bleu-1536x257.png 1536w, https:\/\/www.marko-helmets.com\/blog\/wp-content\/uploads\/2023\/08\/Casque-Dark-Side-Marko-Helmets-carbon-Bleu-2048x343.png 2048w, https:\/\/www.marko-helmets.com\/blog\/wp-content\/uploads\/2023\/08\/Casque-Dark-Side-Marko-Helmets-carbon-Bleu-1080x181.png 1080w\" sizes=\"auto, (max-width: 1024px) 100vw, 1024px\" \/><\/figure>\n\n\n\n<h3 class=\"wp-block-heading\">Les accessoires :<\/h3>\n\n\n\n<figure class=\"wp-block-image size-large\"><img loading=\"lazy\" decoding=\"async\" width=\"1024\" height=\"213\" src=\"https:\/\/www.marko-helmets.com\/blog\/wp-content\/uploads\/2023\/08\/Accessoires-casque-Dark-Side-Marko-Helmets-1024x213.png\" alt=\"\" class=\"wp-image-1297\" srcset=\"https:\/\/www.marko-helmets.com\/blog\/wp-content\/uploads\/2023\/08\/Accessoires-casque-Dark-Side-Marko-Helmets-1024x213.png 1024w, https:\/\/www.marko-helmets.com\/blog\/wp-content\/uploads\/2023\/08\/Accessoires-casque-Dark-Side-Marko-Helmets-300x63.png 300w, https:\/\/www.marko-helmets.com\/blog\/wp-content\/uploads\/2023\/08\/Accessoires-casque-Dark-Side-Marko-Helmets-768x160.png 768w, https:\/\/www.marko-helmets.com\/blog\/wp-content\/uploads\/2023\/08\/Accessoires-casque-Dark-Side-Marko-Helmets-1536x320.png 1536w, https:\/\/www.marko-helmets.com\/blog\/wp-content\/uploads\/2023\/08\/Accessoires-casque-Dark-Side-Marko-Helmets-2048x427.png 2048w, https:\/\/www.marko-helmets.com\/blog\/wp-content\/uploads\/2023\/08\/Accessoires-casque-Dark-Side-Marko-Helmets-1080x225.png 1080w\" sizes=\"auto, (max-width: 1024px) 100vw, 1024px\" \/><\/figure>\n\n\n\n<p>Les visi\u00e8res &#8211; casque Dark Side<\/p>\n\n\n\n<figure class=\"wp-block-image size-large\"><img loading=\"lazy\" decoding=\"async\" width=\"1024\" height=\"159\" src=\"https:\/\/www.marko-helmets.com\/blog\/wp-content\/uploads\/2023\/08\/Visi\u00e8re-casque-Dark-Side-Marko-Helmets-1024x159.png\" alt=\"\" class=\"wp-image-1298\" srcset=\"https:\/\/www.marko-helmets.com\/blog\/wp-content\/uploads\/2023\/08\/Visi\u00e8re-casque-Dark-Side-Marko-Helmets-1024x159.png 1024w, https:\/\/www.marko-helmets.com\/blog\/wp-content\/uploads\/2023\/08\/Visi\u00e8re-casque-Dark-Side-Marko-Helmets-300x47.png 300w, https:\/\/www.marko-helmets.com\/blog\/wp-content\/uploads\/2023\/08\/Visi\u00e8re-casque-Dark-Side-Marko-Helmets-768x119.png 768w, https:\/\/www.marko-helmets.com\/blog\/wp-content\/uploads\/2023\/08\/Visi\u00e8re-casque-Dark-Side-Marko-Helmets-1536x239.png 1536w, https:\/\/www.marko-helmets.com\/blog\/wp-content\/uploads\/2023\/08\/Visi\u00e8re-casque-Dark-Side-Marko-Helmets-2048x318.png 2048w, https:\/\/www.marko-helmets.com\/blog\/wp-content\/uploads\/2023\/08\/Visi\u00e8re-casque-Dark-Side-Marko-Helmets-1080x168.png 1080w\" sizes=\"auto, (max-width: 1024px) 100vw, 1024px\" \/><\/figure>\n\n\n\n<h3 class=\"wp-block-heading\">Les caract\u00e9ristiques techniques :<\/h3>\n\n\n\n<p><strong>Tailles :<\/strong>&nbsp;XS \u00e0 XXL<\/p>\n\n\n\n<p><strong>Poids :<\/strong>&nbsp;1250 +\/- 50g<\/p>\n\n\n\n<p><strong>Homologation :<\/strong>&nbsp;ecer22-06 et DOT<\/p>\n\n\n\n<ul class=\"wp-block-list\"><li>Calotin en polystyr\u00e8ne multi densit\u00e9s pour une protection optimis\u00e9e gr\u00e2ce \u00e0 l&rsquo;utilisation de mat\u00e9riaux \u00e0 diff\u00e9rents niveaux d&rsquo;absorption.<\/li><li> Coque ext\u00e9rieur en carbon <\/li><li> int\u00e9rieur d\u00e9montable et lavable <\/li><li> Visi\u00e8re longue et unique <\/li><li> Champ de vision large <\/li><li> Fermeture de la jugulaire par une boucle Double-D s\u00e9curisante et la seule homologu\u00e9e sur piste. <\/li><li> Fixation aimant\u00e9e pour lunettes\/masque <\/li><li> Livr\u00e9 avec une housse et un sac de transport ainsi que des stickers r\u00e9fl\u00e9chissants. <\/li><\/ul>\n\n\n\n<p><strong>Prix public :<\/strong> \u00e0 partir de 449 \u20ac <\/p>\n\n\n\n<div class=\"wp-block-button aligncenter\"><a class=\"wp-block-button__link has-background no-border-radius\" href=\"https:\/\/marko-helmets.com\/content\/39-le-dark-side-de-marko-helmets-\" style=\"background-color:#c39f76\" target=\"_blank\" rel=\"noreferrer noopener\">Disponible sur Marko Helmets<\/a><\/div>\n","protected":false},"excerpt":{"rendered":"<p>Marko Helmets&nbsp;lance sa nouveaut\u00e9 2023, le Dark Side ! C\u2019est un casque int\u00e9gral&nbsp;n\u00e9o-r\u00e9tro, avec un look unique et des lignes \u00e9pur\u00e9es. Le casque est fabriqu\u00e9 avec une coque&nbsp;en fibres composite ou en carbone. Sa visi\u00e8re fum\u00e9e et longue lui permet d&rsquo;avoir un style quine laisse personne indiff\u00e9rent et ainsi casser les codes !&nbsp;Le Dark Side est unique et agressif. Ce casque a \u00e9t\u00e9 imagin\u00e9 pour convenir aux&nbsp;amateurs de moto vintage mais aussi pour les sportifs avec sa version carbon pour plus de&nbsp;l\u00e9g\u00e8ret\u00e9 et poss\u00e8de la nouvelle homologation&nbsp;ECE22.06. La grande nouveaut\u00e9, c\u2019est sa visi\u00e8re Full black jusqu&rsquo;\u00e0 la visserie et son design&nbsp;descendant qui donne l\u2019illusion de rouler avec un jet mais avec la s\u00e9curit\u00e9 d\u2019un casque&nbsp;int\u00e9gral. Le Dark Side est pr\u00e9dispos\u00e9&nbsp; pour int\u00e9grer un masque et ainsi montrer une autre&nbsp;facette de son design avec cette fois la visibilit\u00e9 de sa mentonni\u00e8re fine et basse qui vous&nbsp;assure une protection en cas de chute.&nbsp;Le casque est tr\u00e8s confortable avec un int\u00e9rieur noir en alcantara. Celui-ci est&nbsp;d\u00e9montable et lavable. L&rsquo;insonorit\u00e9 du casque a \u00e9t\u00e9 \u00e9tudi\u00e9e pour r\u00e9duire les r\u00e9sonances&nbsp;lorsque la vitesse de roulage est \u00e9lev\u00e9e et ainsi rouler des heures dans un confort absolu. Vous pouvez int\u00e9grer un intercom.&nbsp;La visi\u00e8re fum\u00e9e est fournie avec [&hellip;]<\/p>\n","protected":false},"author":1,"featured_media":0,"parent":999,"menu_order":1,"comment_status":"closed","ping_status":"closed","template":"","meta":{"footnotes":""},"class_list":["post-1292","page","type-page","status-publish","hentry"],"_links":{"self":[{"href":"https:\/\/www.marko-helmets.com\/blog\/wp-json\/wp\/v2\/pages\/1292","targetHints":{"allow":["GET"]}}],"collection":[{"href":"https:\/\/www.marko-helmets.com\/blog\/wp-json\/wp\/v2\/pages"}],"about":[{"href":"https:\/\/www.marko-helmets.com\/blog\/wp-json\/wp\/v2\/types\/page"}],"author":[{"embeddable":true,"href":"https:\/\/www.marko-helmets.com\/blog\/wp-json\/wp\/v2\/users\/1"}],"replies":[{"embeddable":true,"href":"https:\/\/www.marko-helmets.com\/blog\/wp-json\/wp\/v2\/comments?post=1292"}],"version-history":[{"count":4,"href":"https:\/\/www.marko-helmets.com\/blog\/wp-json\/wp\/v2\/pages\/1292\/revisions"}],"predecessor-version":[{"id":1308,"href":"https:\/\/www.marko-helmets.com\/blog\/wp-json\/wp\/v2\/pages\/1292\/revisions\/1308"}],"up":[{"embeddable":true,"href":"https:\/\/www.marko-helmets.com\/blog\/wp-json\/wp\/v2\/pages\/999"}],"wp:attachment":[{"href":"https:\/\/www.marko-helmets.com\/blog\/wp-json\/wp\/v2\/media?parent=1292"}],"curies":[{"name":"wp","href":"https:\/\/api.w.org\/{rel}","templated":true}]}}